ghest common factor of r and 48?
48
Let f be -14*(2580/(-8))/15. Suppose -d + 58 = 15. What is the highest common divisor of d and f?
43
Let t be (-18 + (-64)/(-3))/(1/144). What is the greatest common factor of 128 and t?
32
Suppose 8*u = 11 + 13. Calculate the greatest common divisor of 5 and u.
1
Let t = 157 + -224. Let s = 5 - t. Calculate the highest common factor of 18 and s.
18
Suppose -116 = -4*d + 4*u, 2*d + 3*d - 4*u = 144. Calculate the highest common divisor of 1190 and d.
14
Let c(t) = -t**2 - 16*t + 5. Let d be c(-16). Let f be 2 + d + 4 + -2. What is the greatest common factor of f and 90?
9
Let w be (-7 - -1) + (12 - -46). What is the highest common factor of w and 221?
13
Suppose -19*v + 23*v - 14 = -n, -n - 2*v = -10. What is the greatest common factor of n and 39?
3
Suppose 0 = -8*s - 21 + 645. Let z be (-4)/16 - 1562/(-8). Calculate the highest common divisor of s and z.
39
Let k(u) = u**3 - 6*u**2 - 7*u - 2. Let b be k(6). Let h be (b/(-55))/((-4)/(-310)). Let n = 75 - 44. Calculate the highest common factor of h and n.
31
Let n(y) = -7*y**3 + y**2 + 40*y + 122. Let x be n(-3). What is the highest common factor of x and 320?
40
Let y(v) = 3*v**3 + 4*v**2 - 11*v - 12. Let j(m) = m**3 - m**2 - m. Let g(p) = -2*j(p) + y(p). Let q be g(-7). Calculate the greatest common factor of q and 22.
2
Let p(n) = 5*n**3 - 8*n**2 - 9*n. Let s be p(5). Calculate the greatest common factor of 76 and s.
76
Let g(c) = -c**3 - 13*c**2 - 13*c - 8. Let j be g(-12). Let m be 2 + 27 + j/(-2). Suppose 23*v - 90 = 13*v. Calculate the highest common factor of v and m.
9
Suppose 4*y = 5*p - 28, 4*y - 4 = -p - 2*p. Suppose -p*w + 24 + 12 = 0. Calculate the greatest common divisor of 1 and w.
1
Suppose -5*s - 2*m = -14, -s - 2*m + 4 = -2. Suppose 43 = 5*i + 4*a, -a + 12 = -5*a. Let z = i + -9. Calculate the greatest common divisor of s and z.
2
Let j(b) = 89*b - 17. Let g be j(6). Suppose s = -4*t - 0*s + g, -4*t + 535 = -5*s. Let h be ((-52)/(-6))/(1/3). Calculate the highest common factor of t and h.
26
Let f = 166 + -158. Calculate the greatest common factor of 152 and f.
8
Suppose -10*y - 546 + 4296 = 0. What is the highest common divisor of 3 and y?
3
Let w = -236 + 541. Let o = w + -206. Suppose -2*v = -5*v + 33. What is the greatest common factor of v and o?
11
Suppose -7*i + 45 = -32. Suppose 7 = 17*w - 10*w. What is the greatest common factor of w and i?
1
Let t(f) = -2*f - 14. Let s be t(-52). What is the greatest common factor of s and 585?
45
Suppose 0 = -o - o + 10. Suppose 4*c - 3 = o. Calculate the greatest common factor of c and 2.
2
Let m(p) = -p**3 - 13*p**2 - 80. Let v be m(-15). What is the greatest common divisor of v and 30?
10
Suppose 41 = 3*p - 10. Let s be -1 + 3 - (-44 + 12). What is the greatest common factor of s and p?
17
Suppose 3*b + 132 = -3*b. Let d = b - -28. Calculate the greatest common factor of 78 and d.
6
Let s(b) = 85*b**2 + b. Let x be s(2). What is the highest common factor of x and 9?
9
Let g be 22*(-338)/39*(-18)/8. Calculate the greatest common factor of g and 33.
33
Let q(v) = 2*v**2 + 69*v - 18. Let z be q(-36). What is the greatest common factor of 54 and z?
18
Let n(b) = b**3 + b**2 - 5*b + 1. Let x be 6/18 + -1 - 11/(-3). Let t be n(x). What is the greatest common divisor of t and 66?
22
Suppose 4*t - 5*u - 7 = 0, 3*u - 15 = -t - 3*t. Suppose 4*g + 4*f = 692, g - 52 = t*f + 129. Let x = 58 + -33. What is the highest common factor of g and x?
25
Let c be (4 + (-80)/35)*7. Suppose -c*v + 8*v + 12 = 0. What is the highest common factor of v and 12?
3
Let g(u) = 2*u**2 + 15*u + 26. Let i be g(-8). Calculate the highest common divisor of i and 323.
17
Suppose 4*d + 20 = 0, 49*z - 90 = 44*z - d. What is the greatest common divisor of z and 247?
19
Suppose -6 = -4*h - 2. Let v(t) = 26*t**3 - t**2 + 3*t - 2. Let z be v(h). Suppose c - 218 = 16. Calculate the highest common factor of z and c.
26
Suppose 4*o + q - 3278 = 0, -13*o = -8*o + 3*q - 4094. Calculate the highest common divisor of o and 20.
20
Suppose -49 = -2*b - 7. Let g = 41 - b. What is the highest common factor of g and 5?
5
Let o(w) = -w**3 - 3*w**2 - w - 1. Let a be o(-3). Let k(c) = 4*c**3 - 2*c**2 - c + 2. Let j be k(a). What is the greatest common factor of j and 6?
6
Let k = -2170 - -3018. What is the greatest common divisor of 53 and k?
53
Let i(l) = l**3 + 15*l**2 - 35*l - 15. Let f be i(-17). Suppose 0 = -7*b + f*b + 2*m + 598, -m - 239 = -2*b. Calculate the highest common divisor of b and 12.
12
Let b(f) = -f**3 + 13*f**2 + 6*f - 33. Let q be b(13). Let n(c) = 7*c - 60. Let t be n(10). Calculate the highest common divisor of q and t.
5
Let z(c) = c - 13. Let k be z(21). Calculate the highest common divisor of k and 128.
8
Let t be 2960/(-184) + 16 - 86806/(-46). Calculate the greatest common divisor of t and 74.
37
Suppose 3*j = -2*q + 1 + 1, -3*q - j + 10 = 0. Let n(k) = -32*k + 324. Let b be n(10). What is the greatest common divisor of b and q?
4
Let f be (-8)/(-40)*1*5. Let j be ((-6)/(-7) - f) + 463/7. What is the highest common factor of j and 99?
33
Let n(m) = 19*m - 39. Let w be n(4). What is the greatest common factor of w and 1?
1
Suppose -n = -3*y - 135, -4*n - 120 = -5*n - 2*y. What is the highest common factor of 36 and n?
18
Let q(z) = 2*z**2 + 124*z - 247. Let b be q(-65). Calculate the greatest common divisor of 26 and b.
13
Suppose -5*t + 41 = 3*y - 3, t = 4. What is the greatest common divisor of 284 and y?
4
Suppose 0*v - 4*v = -4. Let j be -1 - v - (-7 - 0). Let i be 21/(-7)*7/(-21). What is the greatest common divisor of i and j?
1
Let x be (164/(-123))/((-2)/(2 - -34)). What is the highest common factor of 14 and x?
2
Let n(c) = 2*c - 1. Let r be n(3). Let x be (4/r)/(2/5). Suppose x*d - 3*d = -5. What is the greatest common factor of 40 and d?
5
Suppose -3*y + 30 = 4*b - 4*y, -b = y - 5. Suppose 0 = t + 4*n - 9 - b, -4*t = n - 64. Calculate the highest common divisor of t and 2.
2
Suppose 5*g + 85 = 4*j, g = -5*j - 3 + 73. What is the greatest common factor of 195 and j?
15
Suppose -2808 = -37*d + 28*d. What is the greatest common factor of d and 39?
39
Suppose -5 = -2*p + 231. Let d be (p/4 - -4)*-6. Let t be d/(-18) + 5/(-30). Calculate the greatest common factor of 11 and t.
11
Suppose 5*k - z - 3079 = 0, 115*z = -5*k + 118*z + 3087. What is the highest common factor of 369 and k?
123
Let a(p) = 2*p**2 + 7*p - 9. Let r = 116 - 108. Let k be a(r). Calculate the highest common factor of 25 and k.
25
Let b = 28 + -29. Let m = b + 10. Calculate the highest common divisor of 9 and m.
9
Suppose d + 11 = j, 3*j + d = -1 + 18. What is the highest common factor of j and 35?
7
Let o = -264 + 432. What is the greatest common factor of 56 and o?
56
Let w = -2 - -3. Let m be 13 - (-10)/(30/(-6)). Let p = w + m. Calculate the greatest common divisor of 48 and p.
12
Suppose -b + 5 = 7. Let g be b/(6/(-9)) - -9. Calculate the greatest common divisor of g and 3.
3
Let n(f) be the third derivative of f**6/120 + f**5/6 + 7*f**4/24 + f**3/2 - 24*f**2. Let x be n(-9). Calculate the greatest common factor of x and 7.
7
Let m = -480 - -690. Suppose g - 6*g - m = 0. Let c be (g/(-18))/((-1)/(-6)). What is the highest common divisor of c and 98?
14
Let k be 8/6*(188/8 - -2). Calculate the highest common factor of k and 697.
17
Let g(v) = -v**3 + 14*v**2 + 15*v + 11. Let j be g(15). What is the greatest common factor of j and 3?
1
Suppose 2*j - 14 - 26 = 4*s, -2*s - 74 = -4*j. Let a = -8 + j. Suppose r - 5 - a = 0. What is the greatest common factor of 135 and r?
15
Let f = -41 - -21. Let m be ((-3)/(-6))/((-5)/f). What is the greatest common factor of m and 14?
2
Let s be ((-144)/45)/(4/(-10)) + -2. Calculate the highest common divisor of s and 96.
6
Suppose 2*s = -5*j + 2204, 6*j = 3*j - 2*s + 1320. Calculate the greatest common divisor of 34 and j.
34
Suppose -1272 = -11*z - 1019. Suppose 0*g = -3*g + 69. What is the highest common divisor of z and g?
23
Let f(n) = 4*n**3 - n**2 + 2*n - 4. Let v be f(2). Suppose v = 4*d - 24. Calculate the greatest common divisor of 130 and d.
13
Let c be (-15 - -294) + 0 + (2 - 9). What is the highest common divisor of 16 and c?
16
Let b(q) = 248*q**2 + 26*q - 44. Let k be b(2). What is the greates